Let q = y - m. What is the greatest common divisor of 25 and q?
25
Suppose 0*r + 7*r = -224. Let g be 0 - 2 - (-7)/((-14)/r). What is the highest common divisor of 77 and g?
7
Let s = -152 - -254. Suppose 762 = 11*m + s. Calculate the greatest common factor of m and 12.
12
Let h = 40 + 185. Calculate the highest common factor of h and 45.
45
Let w be 1596/(-15) - (-2)/5. Let p = w + 211. Suppose -35 = -x + 4*f, 2*x = -5*f + f + 10. What is the greatest common divisor of x and p?
15
Suppose -54*l = -510 + 78. Calculate the highest common divisor of l and 3.
1
Let n be -12*33/(-9)*6/8. What is the highest common divisor of 297 and n?
33
Let j(c) = -c**3 + 10*c**2 - 24*c + 3. Let y be j(5). Let z = 93 + -53. Calculate the greatest common divisor of z and y.
8
Suppose 4752 = -53*f + 75*f. Calculate the highest common factor of f and 168.
24
Suppose 4*b + 3*f = 4*f + 319, -b + f = -82. Let a = b - 77. Let p(c) = 6*c - 1. Let o be p(1). What is the highest common factor of o and a?
1
Suppose -46*g + 53*g - 378 = 0. Let l = -77 + 113. What is the greatest common divisor of l and g?
18
Suppose q = 5, -n - q - 4*q + 29 = 0. Suppose -4*m + n*j + 128 = m, -2*m = -j - 50. What is the greatest common factor of 6 and m?
6
Let c(g) = g**3 + 4*g**2 - 16. Let v be c(4). What is the greatest common factor of v and 168?
56
Let u = 1 - -4. Suppose u = -5*v, 4*g + 0*g - v - 25 = 0. What is the highest common divisor of g and 2?
2
Let z = -38 + 27. Let q = 1 - z. Suppose 2*m - 66 + q = 0. Calculate the highest common factor of m and 54.
27
Suppose a + 42 = -a. Let g be 81/a + 2/(-14). Let h be ((-2)/(-4))/((-2)/g). What is the greatest common divisor of h and 3?
1
Let a be ((-585)/(-26))/(1/(-2)). Let u = a + 78. What is the greatest common factor of 132 and u?
33
Let k = 406 - 394. Calculate the greatest common factor of 276 and k.
12
Let h(u) = 4*u + 3. Let t be h(3). Suppose 0 = 1371*n - 1383*n + 1440. What is the greatest common divisor of t and n?
15
Let l(s) = -32*s + 48. Let j be l(-53). Calculate the greatest common factor of 109 and j.
109
Let i(h) = 4*h**3 - 8*h**2 + 6*h + 30. Let n be i(5). Calculate the greatest common factor of n and 30.
30
Suppose 0 = -i + c + 9, -6*i + 42 = -i - 4*c. Calculate the greatest common factor of 48 and i.
6
Let u(a) = 5*a**3 - a**2 - 6*a - 6. Let o(p) = -p**3 + p**2 + p + 1. Let l(d) = 4*o(d) + u(d). Let b be l(2). What is the highest common divisor of 14 and b?
14
Let g = 5 - -8. Let p = g + -21. Let x(a) = -a**3 - 7*a**2 + 8*a + 6. Let m be x(p). Calculate the greatest common divisor of m and 30.
6
Let z be (1 - 2)/((-2)/68). Let x(c) = c**3 + 8*c**2 + 4*c + 3. Suppose 0*l + 114 = -19*l. Let t be x(l). Calculate the greatest common factor of t and z.
17
Let y be 50/3*(-9)/(-2). Suppose 3*v - 8 = 13. Let h(c) = -c**2 + 10*c + 9. Let k be h(v). Calculate the greatest common factor of y and k.
15
Let f = -29 + 41. Suppose -3*r - r + 4*o + 16 = 0, 3*o = -r - 4. Let v be (6 - (4 - r)) + 0. What is the highest common divisor of v and f?
4
Let a = 2 - 6. Let i be a/(-6) - (-31)/3. Suppose -4*c = 5*b - 55, 55 = 3*b + 2*b + 2*c. What is the highest common divisor of b and i?
11
Let o(g) be the third derivative of -g**6/120 + 3*g**5/20 - g**4/6 - 5*g**3/3 + 17*g**2. Let f be o(3). Calculate the highest common divisor of f and 128.
32
Suppose -5*b + 12*b - 10325 = 0. Suppose 5*u = q - 6*q + b, 4*q = -3*u + 884. Calculate the greatest common factor of 37 and u.
37
Suppose -4*g + 3*g = 0. Suppose g = -0*c + c - 156. Suppose d - a - 48 = 0, 3*a - c = d - 4*d. Calculate the highest common factor of 5 and d.
5
Let s(z) = -5*z + 27. Let c be s(5). Suppose -3*b - c*b + 75 = 0. Calculate the highest common divisor of 15 and b.
15
Let a be ((550/(-15))/(-10))/(2/6). Calculate the highest common factor of a and 517.
11
Let t(u) = -69*u - 77. Let b be t(-46). Calculate the greatest common factor of b and 19.
19
Let u(c) = 10*c + 2. Let n be u(1). Let f be 3/n + (-55)/(-20). Let g = 10 - f. Calculate the greatest common factor of g and 28.
7
Suppose 23*c - 778 - 4190 = 0. Calculate the highest common factor of 16 and c.
8
Suppose -9*j + 1560 = -3*j. What is the highest common factor of j and 104?
52
Suppose 46*t = 53*t - 210. Let g be (2/4)/(2/24). Calculate the highest common factor of g and t.
6
Let z be 126/(-231) - (-84)/33. Calculate the highest common factor of 44 and z.
2
Let c = -79 - -97. Suppose 4*r - 44 = -o, 4*r - 26 = -3*o + c. Calculate the greatest common divisor of 143 and r.
11
Let k(z) = 4*z + 27. Let c be k(2). Let x = 30 + -16. What is the highest common factor of c and x?
7
Suppose -2*l + 3*y + 225 = 0, 112*y = l + 107*y - 123. Calculate the greatest common factor of 4 and l.
4
Let y(i) = 2*i + 87. Let r be y(-29). Calculate the highest common divisor of r and 261.
29
Let n = -401 - -464. Calculate the greatest common divisor of n and 483.
21
Let n(g) = 15*g - 3. Let s be n(3). Suppose 21*v + 130 = 232 + 339. Calculate the greatest common factor of s and v.
21
Let p = -69 + 78. Let f be (-15)/(-2)*(5 - 39/p). Suppose 35 = 4*s - 5. Calculate the greatest common divisor of s and f.
5
Let n be (((-144)/(-10))/6)/(27/900). What is the highest common factor of n and 144?
16
Suppose 0 = -n + 2*g + 20, -3*n + 8*g - 6*g + 76 = 0. What is the greatest common divisor of n and 350?
14
Let u be (-1*2 - -2) + 406/29. Let l be 9/((-315)/(-20)) + 538/u. What is the greatest common divisor of 156 and l?
39
Let a = -72 + 75. Suppose 5*y + 2*h = a*h + 26, -4*y - 5*h = -15. Calculate the greatest common factor of y and 55.
5
Let b = 155 - 70. Suppose 132 = u + 36. Let x = u + -62. Calculate the highest common factor of b and x.
17
Let o(w) = w**3 - 57*w**2 - 120*w + 133. Let q be o(59). Calculate the greatest common divisor of 235 and q.
5
Let z be (-2)/(-5) + (-33)/(-5). Suppose -808 = 32*g - 91*g + 18. What is the greatest common divisor of z and g?
7
Suppose 0 = -2*f + 2*z + 32, 3*z = -f + 2*z + 8. Suppose -7 = 11*x - f*x. What is the greatest common divisor of 1 and x?
1
Let r = 22 - 13. Let m(c) = -c**3 - 14*c**2 - 21*c - 23. Let v be m(-13). Calculate the greatest common divisor of r and v.
9
Suppose 3*p = y - 22, 4*p = 9 + 3. Calculate the highest common factor of y and 2139.
31
Suppose -5*c + 47 = -0*c - 4*b, -5*c = b - 32. Calculate the greatest common factor of 497 and c.
7
Let p be (5 - 1)/((-108)/(-189)). Calculate the highest common divisor of p and 14.
7
Suppose -v + 353 = 343. Calculate the greatest common factor of 4 and v.
2
Let f = -115 - -122. Suppose f*s - 10*s + 15 = 0. What is the greatest common factor of 65 and s?
5
Let m(z) = -218*z - 62. Let r be m(-4). What is the highest common divisor of 54 and r?
54
Let g(h) = -h**2 - 4*h - 6. Suppose 6 + 4 = -2*u. Let a be g(u). Let q = a - -23. What is the greatest common factor of 8 and q?
4
Suppose 27*t - 9933 = -6*t. Calculate the highest common divisor of 43 and t.
43
Suppose 5*k - 79*r - 495 = -84*r, 84 = k + 4*r. Calculate the greatest common divisor of k and 344.
8
Suppose 2*c - 68 = -28. Suppose -5*y = -3*y - c. Calculate the greatest common factor of 1 and y.
1
Let l(q) = 2*q**2 - 2*q + 2. Let p be l(2). Suppose -p*d = -750 + 36. What is the greatest common divisor of d and 17?
17
Let u be (2/(-2))/((-10)/970). Let f = -34 + u. What is the greatest common divisor of f and 42?
21
Let j be 280/6*(-72)/(-15). Suppose -p = -0*o - 5*o + 159, -3*p + 99 = 3*o. What is the highest common divisor of j and o?
32
Let z be 63/54 - (-2)/(-12). Calculate the highest common factor of 270 and z.
1
Suppose m - 480 = -7*g + 2*g, -m + 100 = g. Suppose -301 - g = -4*b. What is the highest common factor of 9 and b?
9
Let x(y) = y + 7. Let t be (-4)/14 - 642/(-42). Let a be x(t). Let k = -10 + a. Calculate the greatest common factor of 96 and k.
12
Let v(g) = 5*g - g**3 - 7*g**2 + 3*g**3 + 0*g. Let z be v(4). Let x be 2/(-2) - (8 - 297). What is the greatest common factor of z and x?
36
Suppose -32 = f + 14. Let t be 12/(-21) + f/(-7). What is the highest common factor of t and 30?
6
Suppose -12*g + 5*l + 6878 = -10*g, 4*g + 3*l = 13782. Calculate the highest common factor of 82 and g.
82
Let u be (3 - (8 + 3))*1/(-2). Suppose -t = -5*r + 89, -22 - 64 = -5*r + u*t. What is the highest